 34132 and 460.
92
What is the greatest common divisor of 51619 and 164?
41
What is the greatest common factor of 140 and 5012?
28
What is the greatest common factor of 2755 and 1830973?
551
Calculate the greatest common divisor of 399004 and 184.
92
What is the highest common factor of 149460 and 165?
15
What is the highest common factor of 14752 and 1056612?
1844
What is the highest common factor of 4 and 171946?
2
Calculate the highest common divisor of 64 and 180872.
8
What is the highest common divisor of 2325 and 8895?
15
What is the greatest common factor of 149413 and 517?
517
What is the highest common factor of 1381718 and 494?
494
Calculate the greatest common factor of 17587 and 16769.
409
Calculate the highest common divisor of 243624 and 24.
24
What is the greatest common factor of 199615 and 1235?
65
What is the greatest common divisor of 20074 and 2?
2
Calculate the highest common factor of 462 and 553542.
66
Calculate the greatest common divisor of 256 and 18.
2
What is the greatest common factor of 24955 and 2093?
161
Calculate the highest common factor of 77532 and 23712.
156
What is the highest common factor of 621720 and 360?
360
Calculate the greatest common divisor of 13362 and 4806.
6
Calculate the highest common divisor of 287973 and 9.
9
What is the highest common divisor of 78056 and 440?
88
Calculate the highest common divisor of 4144 and 105.
7
Calculate the highest common factor of 1720 and 117476.
172
What is the highest common divisor of 48 and 1044960?
48
Calculate the greatest common divisor of 462856 and 16.
8
What is the greatest common factor of 159900 and 84?
12
What is the highest common factor of 42 and 2103843?
21
Calculate the greatest common divisor of 1763988 and 204.
204
What is the greatest common divisor of 177550 and 49025?
1325
Calculate the greatest common factor of 6108 and 252.
12
Calculate the highest common divisor of 156 and 28782.
78
What is the highest common divisor of 27223 and 56?
7
What is the highest common factor of 2484 and 24564?
276
Calculate the greatest common divisor of 368260 and 240.
20
What is the highest common factor of 41827 and 1963?
151
Calculate the highest common divisor of 97625 and 143.
11
Calculate the greatest common divisor of 58743 and 2379.
183
Calculate the greatest common factor of 605583 and 594.
297
What is the greatest common factor of 44 and 1478389?
11
What is the greatest common factor of 562 and 669061?
281
What is the highest common divisor of 231836 and 198?
22
What is the highest common factor of 12050 and 3490?
10
What is the greatest common factor of 1081 and 5640?
47
What is the greatest common divisor of 6545 and 633556?
1309
Calculate the highest common divisor of 3810 and 18161.
127
Calculate the greatest common divisor of 320 and 205760.
320
Calculate the greatest common factor of 507858 and 546.
78
Calculate the highest common divisor of 4641 and 4368.
273
What is the highest common factor of 1110 and 13135?
185
Calculate the greatest common factor of 4232 and 18.
2
Calculate the greatest common factor of 12559 and 1387.
19
What is the greatest common factor of 285450 and 1100?
550
What is the highest common factor of 21 and 2681?
7
Calculate the highest common factor of 17228 and 59.
59
What is the greatest common divisor of 8267 and 1212887?
1181
Calculate the highest common factor of 3188 and 868.
4
What is the greatest common divisor of 15525320 and 40?
40
What is the highest common factor of 78980 and 6820?
220
What is the highest common factor of 27161 and 157?
157
What is the highest common factor of 66 and 58388?
22
Calculate the greatest common divisor of 216 and 16731.
9
What is the greatest common factor of 22 and 181709?
11
Calculate the highest common divisor of 672 and 9.
3
What is the greatest common divisor of 27637 and 377?
29
What is the greatest common divisor of 1216 and 614?
2
What is the greatest common divisor of 25795 and 25?
5
Calculate the highest common factor of 93518 and 1926.
214
What is the greatest common divisor of 6 and 214806?
6
What is the greatest common divisor of 864929 and 39?
13
Calculate the greatest common factor of 102272 and 94.
94
What is the highest common divisor of 54 and 5867748?
54
Calculate the highest common divisor of 512 and 347840.
64
What is the greatest common divisor of 16206 and 2146?
74
What is the greatest common factor of 119426 and 2830?
566
What is the highest common factor of 822660 and 480?
60
Calculate the greatest common factor of 6 and 31362.
6
Calculate the highest common divisor of 182 and 382382.
182
What is the greatest common factor of 60954 and 54?
6
Calculate the highest common factor of 52826 and 14722.
866
What is the highest common divisor of 10 and 855745?
5
What is the highest common divisor of 88236 and 304?
76
What is the greatest common factor of 2007 and 12591?
9
Calculate the highest common factor of 115 and 4853.
23
What is the greatest common factor of 6825 and 35?
35
What is the greatest common factor of 109 and 201541?
109
What is the highest common divisor of 32 and 180832?
32
What is the highest common factor of 3507 and 584667?
501
What is the highest common factor of 20 and 64690?
10
Calculate the highest common factor of 80699 and 493.
17
What is the highest common divisor of 62046 and 405?
81
What is the greatest common divisor of 800 and 3616?
32
Calculate the highest common divisor of 503805 and 15.
15
Calculate the greatest common factor of 56006 and 7513.
683
What is the highest common factor of 6993 and 124875?
999
What is the highest common divisor of 9801 and 3509?
121
What is the greatest common divisor of 19360 and 1090?
10
What is the highest common factor of 107474 and 5916?
986
Calculate the highest common factor of 531 and 1006068.
177
Calculate the greatest common factor of 2322 and 120798.
54
Calculate the greatest common factor of 3479 and 6816.
71
What is the greatest common factor of 826 and 1498?
14
What is the highest common divisor of 444 and 2112?
12
Calculate the highest common divisor of 22439 and 361.
19
Calculate the highest common divisor of 4977 and 171.
9
Calculate the highest common divisor of 448 and 1656928.
224
Calculate the greatest common divisor of 146475 and 350.
175
What is the greatest common factor of 1609253 and 577?
577
Calculate the highest common factor of 194649 and 589.
31
Calculate the greatest common divisor of 152 and 312344.
8
Calculate the highest common divisor of 90 and 2595.
15
Calculate the highest common divisor of 480 and 509000.
40
Calculate the greatest common factor of 3375 and 14445.
135
What is the greatest common divisor of 5423 and 1683?
187
What is the highest common divisor of 161 and 5873?
7
Calculate the highest common divisor of 1440 and 863280.
720
What is the highest common factor of 2432 and 16188?
76
Calculate the greatest common divisor of 44 and 1649164.
44
Calculate the greatest common divisor of 28193 and 44.
11
What is the greatest common divisor of 7992 and 13824?
216
What is the greatest common factor of 10528 and 282?
94
What is the greatest common factor of 1139 and 94604?
67
Calculate the greatest common divisor of 22 and 814627.
11
What is the highest common factor of 192680 and 120?
40
Calculate the highest common divisor of 1596 and 275044.
532
Calculate the greatest common factor of 1696 and 15794.
106
What is the greatest common divisor of 522 and 24?
6
Calculate the highest common factor of 16566 and 22.
22
Calculate the greatest common divisor of 4194172 and 74.
74
Calculate the highest common divisor of 157952 and 56.
8
Calculate the greatest common divisor of 1452 and 103884.
132
What is the highest common factor of 17585 and 5?
5
What is the highest common factor of 16716370 and 11?
11
What is the greatest common divisor of 30 and 344730?
30
What is the greatest common factor of 245294 and 28?
14
What is the highest common divisor of 73875 and 6?
3
What is the highest common factor of 145 and 8310?
5
What is the greatest common divisor of 10541 and 2413?
127
What is the highest common factor of 24032 and 416?
32
Calculate the greatest common divisor of 110 and 183370.
110
What is the highest common divisor of 5760 and 45?
45
What is the highest com